are the prime factors of 25359882?
2, 3, 4226647
List the prime factors of 60639269.
60639269
List the prime factors of 49971808.
2, 197, 7927
List the prime factors of 81752438.
2, 1381, 29599
What are the prime factors of 1283612875?
5, 139, 73877
List the prime factors of 3605807013.
3, 1201935671
List the prime factors of 107253424.
2, 2521, 2659
What are the prime factors of 203412622?
2, 7, 53, 39163
What are the prime factors of 2739337201?
131, 193, 108347
List the prime factors of 465362903.
9319, 49937
List the prime factors of 83505659.
283, 295073
What are the prime factors of 235833356?
2, 11, 293, 1663
List the prime factors of 190836045.
3, 5, 4240801
What are the prime factors of 1221161382?
2, 3, 7, 9691757
List the prime factors of 234621831.
3, 53, 1475609
What are the prime factors of 3608218128?
2, 3, 75171211
List the prime factors of 81262273.
1931, 42083
What are the prime factors of 19518580?
2, 5, 443, 2203
List the prime factors of 44172862.
2, 22086431
What are the prime factors of 357213172?
2, 89303293
What are the prime factors of 783385900?
2, 5, 11, 712169
List the prime factors of 101610272.
2, 59, 53819
List the prime factors of 258744472.
2, 7, 4620437
List the prime factors of 21250620.
2, 3, 5, 23, 29, 59
List the prime factors of 166125835.
5, 19, 337, 5189
List the prime factors of 49577443.
23, 29, 239, 311
What are the prime factors of 30964094?
2, 7, 71, 31151
What are the prime factors of 38638007?
53, 729019
List the prime factors of 352908358.
2, 11, 283, 5153
List the prime factors of 1169793783.
3, 17, 83, 251, 367
What are the prime factors of 4472517604?
2, 1571, 711731
What are the prime factors of 48550306?
2, 7, 227, 15277
What are the prime factors of 509100804?
2, 3, 47, 193, 1559
What are the prime factors of 35561090?
2, 5, 101, 137, 257
List the prime factors of 33378527.
7, 13, 79, 4643
List the prime factors of 26788553.
11, 221393
List the prime factors of 440453640.
2, 3, 5, 11, 191, 1747
What are the prime factors of 6420908091?
3, 13, 23, 550631
List the prime factors of 1054816309.
67, 1213, 12979
List the prime factors of 268820930.
2, 5, 7, 19, 202121
List the prime factors of 32785487.
7, 61, 76781
What are the prime factors of 468850498?
2, 19, 41, 300931
List the prime factors of 44291764.
2, 11, 283, 3557
List the prime factors of 1579999145.
5, 23, 109, 126047
List the prime factors of 230220190.
2, 5, 23022019
List the prime factors of 634075496.
2, 41, 47, 41131
List the prime factors of 249954629.
2521, 99149
List the prime factors of 521598254.
2, 260799127
List the prime factors of 138495718.
2, 69247859
What are the prime factors of 655838714?
2, 1051, 312007
What are the prime factors of 354276510?
2, 3, 5, 7, 71, 23761
List the prime factors of 57842755.
5, 17, 680503
List the prime factors of 2841368491.
13, 17, 37, 43, 8081
List the prime factors of 473364876.
2, 3, 827, 47699
What are the prime factors of 1075123963?
61, 3727, 4729
What are the prime factors of 206186591?
13, 17, 43, 1669
What are the prime factors of 3240651580?
2, 5, 71, 2282149
List the prime factors of 2735277113.
2735277113
What are the prime factors of 1408148261?
13, 108319097
List the prime factors of 158036893.
7, 79, 285781
What are the prime factors of 57911998?
2, 28955999
What are the prime factors of 1155292029?
3, 128365781
What are the prime factors of 3893427162?
2, 3, 251, 10639
List the prime factors of 274301267.
2503, 109589
What are the prime factors of 385786792?
2, 19, 311, 8161
What are the prime factors of 2477026771?
71, 34887701
List the prime factors of 610803933.
3, 257, 792223
List the prime factors of 2051142691.
13, 23, 293, 1801
What are the prime factors of 145987741?
145987741
List the prime factors of 2215115.
5, 7, 19, 3331
List the prime factors of 307843062.
2, 3, 29, 269, 6577
What are the prime factors of 432949857?
3, 541, 266759
What are the prime factors of 23137535?
5, 19, 243553
What are the prime factors of 27892836?
2, 3, 19, 23, 197
List the prime factors of 1312756441.
23, 57076367
What are the prime factors of 83204155?
5, 31, 536801
List the prime factors of 2915058938.
2, 11, 97, 181, 7547
List the prime factors of 569083943.
47, 12108169
What are the prime factors of 52086292?
2, 13021573
What are the prime factors of 133164946?
2, 1021, 65213
List the prime factors of 173235823.
173235823
What are the prime factors of 4663787881?
223, 233, 89759
List the prime factors of 268810289.
11, 24437299
List the prime factors of 22148671.
17, 173, 443
What are the prime factors of 1907285879?
17, 23, 37, 131837
What are the prime factors of 89514129?
3, 17, 1755179
List the prime factors of 1148580826.
2, 17, 43, 785623
What are the prime factors of 2449456876?
2, 941, 650759
What are the prime factors of 719321878?
2, 11, 3011, 10859
List the prime factors of 98496949.
53, 1858433
What are the prime factors of 1205052484?
2, 41, 7347881
List the prime factors of 30461465.
5, 19, 320647
List the prime factors of 73554651.
3, 59, 71, 1951
List the prime factors of 3710695164.
2, 3, 11, 31, 906817
What are the prime factors of 248093113?
103, 2408671
List the prime factors of 6252577.
19, 329083
List the prime factors of 369588339.
3, 607, 7517
What are the prime factors of 363273396?
2, 3, 1697, 17839
List the prime factors of 270548544.
2, 3, 7, 47, 4283
List the prime factors of 871904088.
2, 3, 11, 122321
List the prime factors of 419687792.
2, 26230487
List the prime factors of 281308082.
2, 11, 83, 154057
What are the prime factors of 287149108?
2, 17, 4222781
List the prime factors of 104783628.
2, 3, 137, 63737
List the prime factors of 63426075.
3, 5, 43, 71, 277
List the prime factors of 590214460.
2, 5, 11, 2682793
List the prime factors of 239245606.
2, 19, 317, 19861
List the prime factors of 32314927.
31, 457, 2281
List the prime factors of 31987359.
3, 73, 16229
What are the prime factors of 39950792?
2, 7, 713407
List the prime factors of 16592660.
2, 5, 7, 23, 5153
List the prime factors of 2011876337.
2011876337
List the prime factors of 448825057.
257, 1746401
List the prime factors of 3131955692.
2, 71, 11028013
List the prime factors of 29889761.
11, 2717251
List the prime factors of 79493530.
2, 5, 17, 19, 24611
List the prime factors of 132540330.
2, 3, 5, 13, 17, 19991
List the prime factors of 30894712.
2, 17, 227167
What are the prime factors of 4109567941?
23, 178676867
List the prime factors of 88861277.
173, 513649
What are the prime factors of 50658446?
2, 19, 1333117
List the prime factors of 66501539.
13, 19, 269237
List the prime factors of 3597004080.
2, 3, 5, 61, 81899
List the prime factors of 4442656.
2, 19, 7307
List the prime factors of 1134192498.
2, 3, 19, 131, 173, 439
List the prime factors of 19333786.
2, 941, 10273
What are the prime factors of 295379379?
3, 1215553
List the prime factors of 57159790.
2, 5, 19, 59, 5099
List the prime factors of 181188837.
3, 67, 487, 617
What are the prime factors of 545444776?
2, 47, 1450651
What are the prime factors of 207195083?
1091, 189913
List the prime factors of 187567302.
2, 3, 13, 29, 101, 821
List the prime factors of 343465954.
2, 13, 197, 67057
What are the prime factors of 2707332533?
127, 149, 173, 827
List the prime factors of 3271527811.
9221, 354791
What are the prime factors of 44770541?
31, 71, 20341
What are the prime factors of 20016036?
2, 3, 41, 71, 191
What are the prime factors of 2033456844?
2, 3, 169454737
What are the prime factors of 123322706?
2, 13, 233, 20357
List the prime factors of 79610312.
2, 71, 140159
List the prime factors of 82032030.
2, 3, 5, 23, 1723
What are the prime factors of 571816036?
2, 11, 103, 126173
What are the prime factors of 308231495?
5, 11, 13, 33161
What are the prime factors of 216337028?
2, 1471, 36767
What are the prime factors of 1271675088?
2, 3, 271, 32587
What are the prime factors of 715854458?
2, 11, 151, 229, 941
What are the prime factors of 342207705?
3, 5, 7, 17, 47, 4079
What are the prime factors of 156243300?
2, 3, 5, 29, 17959
What are the prime factors of 70481779?
17, 61, 67967
What are the prime factors of 82436572?
2, 20609143
List the prime factors of 85493042.
2, 269, 158909
What are 